-60
Let z(s) = -6*s**2 + 1573*s - 7704. Calculate z(5).
11
Let x(n) = -22*n**2 - 4378*n - 19. Give x(-199).
-19
Let h(k) = -277122*k + 1939855. Calculate h(7).
1
Let l(y) = 7*y**3 - 428*y**2 + 2652*y + 13. Calculate l(7).
6
Let m(z) = z**3 - 17*z**2 + 24*z + 104. Determine m(16).
232
Let t(q) = -13093*q + 144193. What is t(11)?
170
Let t(n) = n**3 - 121*n**2 + 254*n + 296. Determine t(119).
2200
Let i(a) = -120*a**2 + 87033*a - 23926. Determine i(725).
-1
Let f(p) = -p**2 - 27506*p + 440276. Determine f(16).
-76
Let l(z) = -57*z**2 + 203*z + 1100. Give l(-5).
-1340
Let w(r) = -14*r**2 - 287*r + 1213. Calculate w(-24).
37
Let r(m) = -939*m**2 - 123009*m + 3. Determine r(-131).
3
Let b(w) = w**3 + 5*w**2 + 60*w - 11. Calculate b(0).
-11
Let j(b) = -b**2 - 279*b + 13499. What is j(42)?
17
Let m(s) = 102846*s - 16763884. Determine m(163).
14
Let s(d) = -d**3 + 6*d**2 - 279498*d + 1117961. Calculate s(4).
1
Let q(t) = 16*t**2 + 3859*t + 30520. Calculate q(-233).
-3
Let v(r) = -5*r**2 - 1231*r - 13154. Calculate v(-235).
6
Let f(n) = -n**2 - 102*n + 15078. Give f(82).
-10
Let y(p) = 3*p**2 + 421*p + 14176. Determine y(-56).
8
Let s(h) = -3874*h + 147216. What is s(38)?
4
Let v(h) = h**3 - 856*h**2 + 2565*h + 5. Give v(3).
23
Let x(k) = k**3 - 14*k**2 + 74*k + 591. Determine x(-4).
7
Let y(t) = -t**3 - 168*t**2 - 1271*t + 1675. Determine y(-160).
235
Let p(d) = 154*d - 230. What is p(-9)?
-1616
Let m(g) = -g**2 + 187*g - 7165. What is m(75)?
1235
Let g(b) = -191*b - 3365. Determine g(-19).
264
Let u(x) = 479*x + 7960. Calculate u(-20).
-1620
Let c(t) = 797*t + 14414. What is c(-18)?
68
Let h(n) = n**2 + 919*n + 211010. What is h(-471)?
2
Let s(g) = 6*g**2 + 391*g + 3817. Give s(-12).
-11
Let r(c) = -c**2 + 254*c - 10572. Give r(48).
-684
Let d(a) = a**3 - 272*a**2 - 1592*a - 19588. Determine d(278).
1540
Let n(g) = -4*g**3 - 27*g**2 + 159*g + 1063. Give n(-6).
1
Let p(o) = 30*o**2 - 1465*o - 186. Calculate p(49).
59
Let x(k) = 2824*k - 748380. Determine x(265).
-20
Let f(w) = 106*w**2 - 2895*w - 24118. What is f(34)?
-12
Let w(y) = 762*y + 3649. Determine w(-4).
601
Let r(t) = -9*t**3 - 18*t**2 + 240*t + 256. What is r(-1)?
7
Let v(u) = -130*u**2 - 27490*u - 12675. Give v(-211).
-15
Let g(u) = u**2 + 98*u - 859. Determine g(-107).
104
Let u(t) = t**2 + 60791*t - 303984. Calculate u(5).
-4
Let n(t) = 210*t - 4091. Determine n(24).
949
Let u(m) = 2*m**2 + 126*m - 78379. What is u(-232)?
37
Let j(y) = y**3 + 81*y**2 + 1584*y - 1681. Calculate j(-37).
-53
Let m(z) = 4*z**3 - 21*z**2 - 652*z + 3815. Give m(6).
11
Let j(d) = -3*d**2 + 3*d + 221. What is j(-27)?
-2047
Let s(g) = -4*g**2 + 69*g + 1245. Calculate s(-11).
2
Let r(k) = -k**2 - 392*k + 9226. What is r(-414)?
118
Let j(c) = c**3 + 15*c**2 + 293*c - 1481. Calculate j(4).
-5
Let l(c) = 27009*c + 27130. Give l(-1).
121
Let r(t) = -t**2 - 570*t - 41674. What is r(-86)?
-50
Let l(k) = -k**2 - 578*k - 49937. Determine l(-106).
95
Let l(d) = -d**3 - 25*d**2 - 47*d + 69. Give l(-4).
-79
Let z(t) = 11*t**2 + 4812*t - 7517. Give z(-439).
-54
Let j(u) = -6*u**2 + 58*u + 175. Calculate j(-6).
-389
Let c(u) = -8*u**2 + 517*u - 1018. Calculate c(2).
-16
Let g(s) = -187*s + 5771. What is g(36)?
-961
Let s(o) = -68*o**2 + 1010*o + 44. Give s(15).
-106
Let d(b) = -249*b - 77204. Determine d(-309).
-263
Let k(z) = z**2 - 403*z - 31491. What is k(-67)?
-1
Let k(m) = 8*m**2 + 216*m + 3572. Give k(-15).
2132
Let q(a) = 6*a**2 - 1826*a - 20145. What is q(315)?
15
Let m(i) = i**2 - 6472*i - 254005. Give m(-39).
-76
Let a(o) = 91*o**2 + 1397*o + 1882. Determine a(-14).
160
Let i(x) = 3727*x + 52031. What is i(-14)?
-147
Let k(x) = -1685*x + 481925. Calculate k(286).
15
Let x(p) = -5*p**2 - 292*p - 2177. Calculate x(-8).
-161
Let h(j) = -j**2 - 4263*j + 141778. Calculate h(33).
10
Let l(g) = 11861*g - 5669557. Determine l(478).
1
Let o(p) = 2*p**2 - 2024*p - 18397. What is o(-9)?
-19
Let z(f) = -298*f - 2472. What is z(-7)?
-386
Let v(x) = 1398*x**2 - 2026*x - 2028. What is v(-1)?
1396
Let y(j) = -190*j + 2364. Calculate y(17).
-866
Let x(j) = 2*j**3 - 60*j**2 + 54*j + 98. Give x(29).
-18
Let c(b) = 44090*b - 176962. Calculate c(4).
-602
Let n(s) = -2230*s + 13388. Give n(6).
8
Let o(i) = 33*i**2 + 4293*i + 337. What is o(-130)?
-53
Let v(r) = -r**2 + 559*r - 5060. Calculate v(9).
-110
Let a(n) = -3*n**3 + 57*n**2 + 56*n + 24. Give a(20).
-56
Let b(l) = -159*l**3 - 18*l**2 + 37*l + 56. What is b(-1)?
160
Let w(n) = -26452*n + 53140. Give w(2).
236
Let m(v) = -230*v - 7120. What is m(-31)?
10
Let q(j) = 3*j**2 + 658*j + 31978. Give q(-77).
-901
Let h(q) = 7*q**2 - 173*q - 444. Calculate h(27).
-12
Let l(t) = 115*t**3 + 19*t**2 + 10*t + 9. Calculate l(-2).
-855
Let y(x) = 5*x**3 + 535*x**2 - 30*x - 3258. Calculate y(-107).
-48
Let j(t) = 12474*t + 611228. Determine j(-49).
2
Let a(k) = -2*k**3 + 1095*k**2 - 61468*k + 4. Calculate a(484).
4
Let i(x) = -21*x**2 - 471*x - 1262. What is i(-16)?
898
Let a(c) = 1292*c**2 + 9029*c - 66. What is a(-7)?
39
Let l(v) = 6*v**3 + 960*v**2 - 943*v + 3710. What is l(-161)?
7
Let d(v) = 349*v + 128081. Give d(-368).
-351
Let b(l) = -492104*l + 25097298. What is b(51)?
-6
Let y(z) = -617*z - 33070. Determine y(-52).
-986
Let z(c) = -5*c**2 + 2286*c - 28883. Give z(13).
-10
Let a(l) = 16*l**2 - 1182*l - 274. What is a(74)?
-126
Let b(p) = 1649*p - 6488. What is b(4)?
108
Let d(b) = b**3 - 13*b**2 + 62*b - 830. Give d(14).
234
Let g(t) = t**2 + 8420*t - 101137. Calculate g(12).
47
Let r(i) = 5*i**2 - 150*i - 2060. Give r(-13).
735
Let l(m) = -2*m**2 - 9892*m + 600713. Give l(60).
-7
Let x(q) = -18*q**2 - 600*q - 4777. Determine x(-13).
-19
Let z(r) = -2*r**3 - 58*r**2 + 19*r + 1800. What is z(-28)?
-300
Let y(l) = l**3 - 35*l**2 + 486*l - 15360. Calculate y(34).
8
Let c(y) = -y**2 + 6439*y + 272269. Give c(-42).
67
Let h(z) = -2*z**2 + 578*z + 13634. Calculate h(-22).
-50
Let c(a) = -a**3 - 6*a**2 - 401*a - 1626. What is c(-4)?
-54
Let o(m) = -3045*m - 12175. Calculate o(-4).
5
Let q(p) = -61*p - 2772. Calculate q(-47).
95
Let k(p) = -52*p**2 + 3905*p + 3588. Calculate k(76).
16
Let u(v) = 2*v**3 + 191*v**2 + 750*v - 7. Determine u(-4).
-79
Let w(b) = -2*b**3 + 243*b**2 + 2517*b - 3669. What is w(131)?
-1
Let f(h) = h**3 - 354*h**2 + 240*h + 3927. What is f(-3)?
-6
Let k(i) = -167*i**3 + 2684*i**2 - 235*i + 700. Determine k(16).
12
Let s(m) = m**2 - 496*m + 5811. Give s(12).
3
Let h(j) = 2131*j + 80965. Calculate h(-38).
-13
Let h(c) = -10*c**2 - 1104*c - 12662. What is h(-13)?
0
Let w(i) = -286*i**2 - 357*i + 2. What is w(-1)?
73
Let c(q) = -2*q**2 - 9661*q - 2522638. Determine c(-277).
1
Let v(c) = -8437*c + 1282406. What is v(152)?
-18
Let d(y) = -21*y - 2781. What is d(-63)?
-1458
Let r(v) = 62*v**2 - 176*v - 822. Give r(-5).
1608
Let x(j) = -j**2 + 1828*j + 186729. Give x(-97).
4
Let j(p) = -70*p**2 - 1655*p + 6737. Determine j(4).
-1003
Let t(h) = -13*h**2 - 322*h - 3021. Give t(-12).
-1029
Let c(s) = 61018*s + 183091. Give c(-3).
37
Let m(n) = -1514*n + 15576. What is m(10)?
436
Let s(p) = -120*p**2 + 4485*p - 5961. Determine s(36).
-21
Let x(b) = 67*b**2 + 8682*b - 3649. Calculate x(-130).
-9
Let v(s) = s**3 + 8*s**2 + 4949*s + 24669. Give v(-5).
-1
Let f(z) = 1299*z + 117175. What is f(-90)?
265
Let k(y) = y**3 - 77*y**2 - 1176*y - 81. Give k(-13).
-3
Let x(r) = -3*r**3 + 591*r**2 - 2938*r - 13. Determine x(5).
-303
Let t(z) = 15*z**2 - 2208*z + 8824. What is t(4)?
232
Let d(s) = -s**3 + 4*s**2 + 59*s - 4291. What is d(0)?
-4291
Let k(m) = -3107*m + 341793. Give k(110).
23
Let l(t) = 2*t**3 - 94*t**2 + 85*t + 309. Give l(46).
-13
Let x(b) = b**3 - 23*b**2 + 262*b - 1888. Determine x(7).
-838
Let b(y) = -6*y**2 + 91*y - 1116. What is b(14)?
-1018
Let c(r) = -27108*r - 271073. Give c(-10).
7
Let f(l) = 5*l**3 + 12*l**2 - 8*l + 43. Calculate f(-5).
-242
Let b(x) = -1396*x**2 - 29*x + 27. What is b(1)?
-1398
Let t(h) = 2860*h - 278604. Determine t(97).
-1184
Let z(k) = -514*k**2 + 3234*k - 68. What is z(6)?
832
Let p(v) = -579*v - 23534. Calculate p(-41).
205
Let x(l) = 2613*l - 13025. Calculate x(5).
40
Let g(s) = 207424*s - 1037126. Give g(5).
-6
Let i(m) = -2*m**3 + 2*m**2 - 20*m - 45. Give i(-2).
19
Let d(j) = 2748*j - 134601. What is d(49)?
51
Let j(h) = -h**3 - 2*h**2 + 8*h +